{"id":26,"date":"2015-05-06T12:00:05","date_gmt":"2015-05-06T18:00:05","guid":{"rendered":"https:\/\/revista925taxco.fad.unam.mx?page_id=26"},"modified":"2026-02-19T17:50:27","modified_gmt":"2026-02-19T23:50:27","slug":"informacion-legal","status":"publish","type":"page","link":"https:\/\/revista925taxco.fad.unam.mx\/index.php\/informacion-legal\/","title":{"rendered":"Informaci\u00f3n Legal"},"content":{"rendered":"\n<p class=\"has-text-align-left\"><strong><span style=\"color: #800000;\">.925 artes y dise\u00f1o<\/span>, a\u00f1o 13 \/ edici\u00f3n 49 \/ febrero 2026<\/strong>, es una publicaci\u00f3n trimestral editada por la Universidad Nacional Aut\u00f3noma de M\u00e9xico, Ciudad Universitaria, Alcald\u00eda\u00a0Coyoac\u00e1n, C\u00f3digo Postal 04510, Ciudad de M\u00e9xico, a trav\u00e9s de la Facultad de Artes y Dise\u00f1o Plantel Xochimilco, Av. Constituci\u00f3n No. 600 Bo. La Concha, Alcald\u00eda Xochimilco, C.P. 16210, CDMX, tel\u00e9fonos 55 5489 4914, 20, 21 y 22,<em>https:\/\/revista925taxco.fad.unam.mx<\/em>, correo electr\u00f3nico: <em>revista925.taxco@fad.unam.mx<\/em> Editor Responsable: Maestro Eduardo Alberto \u00c1lvarez del Castillo S\u00e1nchez. Reserva de Derechos al Uso Exclusivo de difusi\u00f3n v\u00eda red de c\u00f3mputo para esta publicaci\u00f3n bajo el n\u00famero <strong>04-2013-102313522600-203<\/strong>, ISSN: <strong>2395-9894<\/strong>. Ambos otorgados por el Instituto Nacional de Derechos de Autor. Responsable de la \u00faltima actualizaci\u00f3n de este n\u00famero, Maestro\u00a0Eduardo Alberto \u00c1lvarez del Castillo S\u00e1nchez, Editor en Jefe. Fecha de \u00faltima actualizaci\u00f3n: <strong>19 de <strong><strong>febrero<\/strong><\/strong>\u00a0de 2026<\/strong>.\u00a0La responsabilidad de los textos publicados\u00a0en la revista electr\u00f3nica<strong><span style=\"color: #800000;\">.925 artes y dise\u00f1o<\/span><\/strong> recae exclusivamente en los autores y su contenido no refleja necesariamente el criterio de la Instituci\u00f3n. Queda prohibida la reproducci\u00f3n total o parcial de los contenidos e im\u00e1genes de la publicaci\u00f3n sin previa autorizaci\u00f3n escrita del titular de los derechos patrimoniales.<\/p>\n\n\n\n<p class=\"has-text-align-left\">Se autoriza la reproducci\u00f3n de la informaci\u00f3n siempre y cuando se cite la fuente completa de esta publicaci\u00f3n.<\/p>\n\n\n\n<p><strong>.925 artes y dise\u00f1o NO<\/strong> cobra ninguna tarifa por procesamiento, ni env\u00edo de documentos postulados (APC<a href=\"#_ftn1\" id=\"_ftnref1\">[1]<\/a>) bajo ninguna circunstancia.<\/p>\n\n\n\n<hr class=\"wp-block-separator has-alpha-channel-opacity\"\/>\n\n\n\n<p class=\"has-cyan-bluish-gray-color has-text-color has-link-color wp-elements-4a99a7658c213e501074084b4c508c55\"><a href=\"#_ftnref1\" id=\"_ftn1\">[1]<\/a> <em>Article Processing Charges<\/em> son cargos por procesamiento de art\u00edculos que son tarifas que ciertas publicaciones sueles &nbsp;cobrar a los autores postulantes.<\/p>\n","protected":false},"excerpt":{"rendered":"<p>.925 artes y dise\u00f1o, a\u00f1o 13 \/ edici\u00f3n 49 \/ febrero 2026, es una publicaci\u00f3n trimestral editada por la Universidad Nacional Aut\u00f3noma de M\u00e9xico, Ciudad Universitaria, Alcald\u00eda\u00a0Coyoac\u00e1n, C\u00f3digo Postal 04510, Ciudad de M\u00e9xico, a trav\u00e9s de la Facultad de Artes y Dise\u00f1o Plantel Xochimilco, Av. Constituci\u00f3n No. 600 Bo. La Concha, Alcald\u00eda Xochimilco, C.P. 16210, CDMX, tel\u00e9fonos 55 5489 4914, 20, 21 y 22,https:\/\/revista925taxco.fad.unam.mx, correo electr\u00f3nico: revista925.taxco@fad.unam.mx Editor Responsable: Maestro Eduardo Alberto \u00c1lvarez del Castillo S\u00e1nchez. Reserva de Derechos al Uso Exclusivo de difusi\u00f3n v\u00eda red de c\u00f3mputo para esta publicaci\u00f3n bajo el n\u00famero 04-2013-102313522600-203, ISSN: 2395-9894. Ambos otorgados por<\/p>\n","protected":false},"author":1,"featured_media":0,"parent":0,"menu_order":0,"comment_status":"closed","ping_status":"closed","template":"","meta":{"footnotes":""},"class_list":["post-26","page","type-page","status-publish","hentry"],"_links":{"self":[{"href":"https:\/\/revista925taxco.fad.unam.mx\/index.php\/wp-json\/wp\/v2\/pages\/26","targetHints":{"allow":["GET"]}}],"collection":[{"href":"https:\/\/revista925taxco.fad.unam.mx\/index.php\/wp-json\/wp\/v2\/pages"}],"about":[{"href":"https:\/\/revista925taxco.fad.unam.mx\/index.php\/wp-json\/wp\/v2\/types\/page"}],"author":[{"embeddable":true,"href":"https:\/\/revista925taxco.fad.unam.mx\/index.php\/wp-json\/wp\/v2\/users\/1"}],"replies":[{"embeddable":true,"href":"https:\/\/revista925taxco.fad.unam.mx\/index.php\/wp-json\/wp\/v2\/comments?post=26"}],"version-history":[{"count":72,"href":"https:\/\/revista925taxco.fad.unam.mx\/index.php\/wp-json\/wp\/v2\/pages\/26\/revisions"}],"predecessor-version":[{"id":13896,"href":"https:\/\/revista925taxco.fad.unam.mx\/index.php\/wp-json\/wp\/v2\/pages\/26\/revisions\/13896"}],"wp:attachment":[{"href":"https:\/\/revista925taxco.fad.unam.mx\/index.php\/wp-json\/wp\/v2\/media?parent=26"}],"curies":[{"name":"wp","href":"https:\/\/api.w.org\/{rel}","templated":true}]}}